-4*k + 83 = -k + x, r*k + 4*x - 72 = 0. What is the tens digit of k?
2
Suppose -26*b + 8909 = 3*w - 25*b, 0 = -2*w + 5*b + 5911. What is the units digit of w?
8
Suppose 2*l - 71*s - 4617 = -66*s, -3*l + 4*s = -6929. What is the tens digit of l?
1
Let q be 5/((-20)/(-12)) + (-204 - -3). Let r = -74 - q. What is the hundreds digit of r?
1
Let p(j) = -3*j**3 + j**2 - j - 1. Let c be p(-1). Let r be (c - 2)*2/4. Let w = r - -34. What is the units digit of w?
5
What is the units digit of (((-57)/4)/1)/((-11)/132)?
1
Suppose 2016 = 29*j - 8*j. What is the units digit of j?
6
Let k = 18 + -18. Suppose 3*d - 186 = -a, -5*d - 850 = -5*a - k*a. Suppose l + 3*l + 74 = 2*w, -5*w = l - a. What is the tens digit of w?
3
Suppose -4 = -0*c + 2*c. Suppose 5*y = 4*o + 165, 2*o + 84 = 24*y - 22*y. Let z = c - o. What is the units digit of z?
3
Suppose 4*g - 172 - 153 = -5*v, -4*g + 5*v + 355 = 0. Let i = g + -33. What is the units digit of i?
2
Let g(a) = -a**3 + 23*a**2 - 18*a + 14. What is the tens digit of g(18)?
1
Let n(j) = -361*j - 12. What is the hundreds digit of n(-1)?
3
Suppose -11*d + 1799 = -1545. What is the hundreds digit of d?
3
Suppose -j - 3*h - 1 = 0, -2 = -4*h - 6. Suppose j*z - 17 = -45. What is the units digit of 8/(-28) - 60/z?
4
Let c = 21 - -99. Suppose 3*g = 5*g - c. What is the units digit of g?
0
Let a = 64 + -46. Let g = a - -24. What is the tens digit of g?
4
Suppose -34*w + 38*w = -4*c + 1984, 3*w - 1464 = 3*c. What is the hundreds digit of w?
4
Let n = 4233 + -608. What is the tens digit of n?
2
Let r = -98 + 112. Let i(d) = d**3 - 14*d**2 + 11*d - 3. What is the tens digit of i(r)?
5
Suppose -j = -2*l + 3*j + 18, -5*j = 5*l. Suppose l*z + 324 = 3*w - z, -107 = -w + z. What is the units digit of (w/(-6))/(13/(-39))?
2
Let o be (18/(-15))/(16/40). Let f = 6 - o. What is the units digit of f?
9
Suppose 14*h - 3*h - 935 = 0. Let q = -9 + h. What is the tens digit of q?
7
Let o be 2/(-3) - (-1386)/54. Suppose 0*n = -n + o. What is the units digit of n?
5
Let a = 35 + -37. What is the hundreds digit of -11 - -10 - (a/2 + -108)?
1
Suppose -5*r + 2*y + 1611 + 1794 = 0, 4*y = 5*r - 3405. What is the tens digit of r?
8
Let f = 177 + -308. Let q = f - -186. What is the tens digit of q?
5
Let d = 8 + -7. Let u(z) = z**3 + 2*z**2 - 2*z + 1. Let r be u(d). Suppose -i + 4*g + r = 0, 5*g - 3*g = -5*i + 76. What is the tens digit of i?
1
What is the units digit of (-1)/(-12)*1954 - (-4)/24?
3
Let y(r) = -r**3 + 6*r**2 + 2*r + 2. Let u be y(6). What is the units digit of (4/u)/((-2)/(-28)) + 2?
6
What is the tens digit of (-548)/(-1) + (-14 - -5 - -10)?
4
Suppose -2*i + f + 773 = 0, 5*i + 0*i - 1965 = -4*f. What is the tens digit of i?
8
Let n(k) = k**3 - k**2 - 5*k + 2. Let y be n(3). Let t(j) = -2*j**2 + j**3 - 2*j**2 - j - y*j**2 + 11. What is the units digit of t(9)?
2
Suppose -17*w + 37*w - 7180 = 0. What is the tens digit of w?
5
Let v(i) = -2*i + 1. Let q be v(-6). Suppose -q*g = -14*g + 180. What is the hundreds digit of g?
1
Suppose -45*j + 6144 = 3*y - 42*j, 0 = 5*y + 2*j - 10243. What is the hundreds digit of y?
0
Suppose -13645 = -5*l + 4*n, 2349 + 356 = l + 4*n. What is the hundreds digit of l?
7
Let v(m) be the third derivative of 17*m**4/8 + m**3/6 + 3*m**2. Let q(t) = t**2 - 19*t + 61. Let p be q(15). What is the tens digit of v(p)?
5
Let n be ((-36)/15)/(6/30). What is the units digit of (-2 - (-16)/6)/(n/(-1422))?
9
Let m be 1*-3*(-13)/39. What is the units digit of (2/3)/(m/57)?
8
Let f(y) = y - 9. Let x be f(11). Suppose x*o + 2*o + 1457 = -5*n, n - 5*o + 274 = 0. What is the units digit of n/(-7) + 10/(-35)?
1
Suppose 4*u + 2669 = 10873. What is the units digit of u?
1
What is the units digit of 20/(8 - 3) - (-318)/1?
2
Suppose -2*w = 4*g - 8982, 2*g - 224 = -220. What is the thousands digit of w?
4
Suppose -84000 = 1295*z - 1309*z. What is the units digit of z?
0
Suppose -m + 76 - 81 = 0, 4*m = 2*c - 2282. What is the thousands digit of c?
1
Let l(o) = -4*o**3 - o**2 - o + 1. Let k be l(1). Let u = k + 9. Suppose -79 + 3 = -u*n. What is the tens digit of n?
1
Let j(t) = 2*t**2 - 42*t - 236. What is the units digit of j(-6)?
8
Suppose 5*j = 2*j + 12. Suppose -j*y + 0*y = -104. What is the units digit of y?
6
Suppose 2*k = g + 63 + 8, -2*g + 200 = 5*k. Suppose -3*y - k = -4*y. What is the units digit of y?
8
Let g = 30 + -378. Let f = -179 - g. What is the hundreds digit of f?
1
Let a = -6 + 10. Suppose -a*y + 2 + 10 = 0. Suppose 4 = y*z - 5. What is the units digit of z?
3
What is the units digit of (-1788)/30*(-5)/2?
9
Suppose 0 = 3*d - 100 + 337. Let v = 150 + d. What is the units digit of v?
1
Let z(h) = 2*h**3 + 69*h**2 + 67*h - 39. What is the thousands digit of z(-33)?
1
Let n(w) = -183*w - 6. Let o(u) = 92*u + 3. Let k(i) = -3*n(i) - 5*o(i). What is the tens digit of k(2)?
8
Let c = -6 + 8. Let f = 246 + -238. Suppose -f = -c*b + b. What is the units digit of b?
8
Suppose 47*r - 28623 = 76892. What is the hundreds digit of r?
2
Let q be -9 + 0 + 1 + -2. Let d(b) = b**2 + 12*b + 24. Let k be d(q). Suppose t = -k*v + 309, -2*t - 2*t - 12 = 0. What is the units digit of v?
8
Let y(w) = 2*w**3 - 2*w**2 + 3. Let a = 33 + -30. What is the tens digit of y(a)?
3
Let b = -8 - -1. Let p = -24 + b. Let a = -2 - p. What is the tens digit of a?
2
Let m be (-18)/9*(-3)/2. Suppose -m*l + 217 + 41 = 0. What is the tens digit of l?
8
What is the hundreds digit of -2 + 2825 - (-6 + 13)?
8
Let h(f) be the third derivative of -f**5/60 - 7*f**4/12 + 2*f**3 + 2*f**2. Let s(j) = j**3 - 7*j**2 - 3*j + 7. Let c be s(7). What is the units digit of h(c)?
2
What is the tens digit of (52/(-2))/((-74)/259)?
9
Let o(v) = -7*v + 202. What is the tens digit of o(19)?
6
Let y(n) = -n**3 + 18*n**2 - 20*n + 25. What is the units digit of y(16)?
7
Suppose 7*g - 10630 = -1005. What is the hundreds digit of g?
3
Let z(h) = -h**3 + 25*h**2 + h + 61. What is the tens digit of z(14)?
3
What is the thousands digit of 421365/210 - (2/(-4) - -1)?
2
Let z(j) = j**3 + j**2 - 6*j + 1. Let q be z(-3). Let o(m) = 64*m**2 - m. What is the tens digit of o(q)?
6
Let i(f) = -18*f - 1. Let z(b) = -2*b. Let o(a) = i(a) - 5*z(a). Let n(k) = -k. Let h be n(1). What is the units digit of o(h)?
7
Let u(b) be the first derivative of -b**2/2 - 2*b - 3. Let p = -4 - 3. What is the units digit of u(p)?
5
Let f(t) = 10*t**2 + 53*t + 14. What is the tens digit of f(-15)?
6
Let o be (0 - -39)*(-20)/(-30). Suppose 5*p - o + 1 = 0. What is the units digit of (p - (-2 - 0)) + 1?
8
Suppose -4*i - 3*l = -882 - 138, 2*i - 510 = 4*l. What is the units digit of i?
5
Let y = 247 + 509. What is the units digit of y?
6
Suppose 1076 = 5*l - 0*l + 4*w, 3*l - 3*w - 624 = 0. What is the tens digit of l?
1
Let q be 0/(-4) + 2/1. Let p = 1 + q. Suppose p + 7 = d. What is the tens digit of d?
1
Let f = 51 - 35. Suppose 0*o + 2 = -r - 2*o, -3*r = -5*o - f. What is the units digit of r?
2
Suppose 108 = 18*s - 14*s. What is the units digit of s?
7
Let s(k) = -8 + 16 + 2*k**2 - 6*k - 3*k**2 - k. Let v = 4 + -11. What is the units digit of s(v)?
8
Suppose -v + 3*l = -892, 7*v - 3*v - 2*l = 3618. What is the hundreds digit of v?
9
Suppose 8*f - 2*f + 36 = 0. What is the hundreds digit of ((-13)/(91/f))/((-2)/(-476))?
2
Let o be 9 - (2 + (2 - 0)). Suppose 2*q + 86 = x, o*x + 4*q = 5*q + 448. What is the units digit of x?
0
Let q = -3039 + 5447. What is the thousands digit of q?
2
Let u = 7 - 3. Let l be (-4)/(u/(-3)) + 3. Suppose 3*b - l - 84 = 0. What is the units digit of b?
0
Suppose 3*y - y = 0. Let j = 1 + y. What is the tens digit of 21 + j - (-2 - -1)?
2
Let x(d) be the first derivative of d**4/4 + 11*d + 7. What is the tens digit of x(4)?
7
Let o(h) = 32*h - 1. Let q = -13 + 13. Suppose q = -3*w - 0 + 3. What is the units digit of o(w)?
1
Let g(w) = -40*w - 17. Let r(c) = -2*c + 6. Let l be r(6). What is the units digit of g(l)?
3
Let x be -1 + 8/8 + 2 + 0. Suppose 0 = -2*b + x*c + 238, 2*b - 133 = 3*c + 103. What is the units digit of b?
1
Suppose 2*w - 4*w + 60 = 4*q, 4*q = -w + 28. Suppose 3*t + 58 = -w. Let a = 67 + t. What is the tens digit of a?
3
Suppose -i + x = -1, 0 = 4*x - 7*x + 6. What is the tens digit of (150/i)/(-1 + 3)?
2
Let p = 310 - -33. What is the units digit of p?
3
Suppose -1